
What are the prime factors of 171095078?
2, 7, 11, 1111007
List the prime factors of 754728277.
17, 29, 89, 103, 167
What are the prime factors of 90415378?
2, 45207689
What are the prime factors of 3887358?
2, 3, 647893
List the prime factors of 453157370.
2, 5, 941, 48157
What are the prime factors of 69276813?
3, 421, 54851
List the prime factors of 80051837.
80051837
List the prime factors of 1381614610.
2, 5, 138161461
What are the prime factors of 10374239?
281, 36919
What are the prime factors of 3497465620?
2, 5, 11, 83, 191537
List the prime factors of 533758531.
1123, 475297
List the prime factors of 56498096.
2, 19, 185849
List the prime factors of 344611566.
2, 3, 13, 59, 109, 229
What are the prime factors of 896854329?
3, 7, 17, 47, 5939
List the prime factors of 1866811454.
2, 509, 1833803
What are the prime factors of 2686047247?
13, 281, 353, 2083
What are the prime factors of 93252218?
2, 46626109
What are the prime factors of 7169371?
11, 193, 307
What are the prime factors of 50979930?
2, 3, 5, 1699331
What are the prime factors of 1504320565?
5, 11, 17, 197, 8167
List the prime factors of 23924540.
2, 5, 1196227
List the prime factors of 141674128.
2, 1013, 8741
List the prime factors of 269255049.
3, 7, 1831667
List the prime factors of 1397849993.
19211, 72763
List the prime factors of 28514639.
41, 131, 5309
What are the prime factors of 979432409?
61, 16056269
What are the prime factors of 4270826743?
677, 6308459
What are the prime factors of 766444514?
2, 11, 34838387
List the prime factors of 97873916.
2, 7, 3495497
List the prime factors of 1096612717.
2861, 383297
List the prime factors of 5566326.
2, 3, 103, 9007
What are the prime factors of 3502956976?
2, 73, 2999107
What are the prime factors of 11892741?
3, 7, 17, 4759
List the prime factors of 290146470.
2, 3, 5, 71, 179, 761
What are the prime factors of 76820953?
11, 6983723
List the prime factors of 174972707.
7, 13, 23, 41, 2039
What are the prime factors of 3034786?
2, 1517393
List the prime factors of 1385624844.
2, 3, 2837, 13567
What are the prime factors of 1125863282?
2, 562931641
What are the prime factors of 334947536?
2, 7, 11, 38839
What are the prime factors of 158603876?
2, 79, 501911
List the prime factors of 368067521.
223, 389, 4243
What are the prime factors of 14549893?
241, 60373
What are the prime factors of 703221830?
2, 5, 17, 4136599
What are the prime factors of 677438301?
3, 1033, 218599
What are the prime factors of 91564370?
2, 5, 9156437
What are the prime factors of 29724704?
2, 17, 101, 541
List the prime factors of 3995073846.
2, 3, 73982849
List the prime factors of 119587021.
119587021
What are the prime factors of 4457466594?
2, 3, 7, 5053817
What are the prime factors of 105968602?
2, 31, 59, 491
What are the prime factors of 1466371643?
11, 1399, 95287
List the prime factors of 80880277.
73, 157, 7057
List the prime factors of 22759117.
1217, 18701
List the prime factors of 25982499.
3, 367, 23599
What are the prime factors of 182808715?
5, 23, 1589641
List the prime factors of 119026009.
119026009
What are the prime factors of 358029545?
5, 103, 431, 1613
List the prime factors of 48022186.
2, 167, 143779
List the prime factors of 19112779.
7, 2730397
List the prime factors of 57067980.
2, 3, 5, 17, 55949
What are the prime factors of 237101615?
5, 1879, 25237
List the prime factors of 881137783.
2447, 360089
What are the prime factors of 2908473651?
3, 323163739
List the prime factors of 142485208.
2, 1723, 10337
List the prime factors of 415055208.
2, 3, 71, 243577
What are the prime factors of 289297427?
23, 151, 83299
List the prime factors of 528118481.
11, 17, 2824163
List the prime factors of 440685832.
2, 17, 31, 104527
List the prime factors of 133550269.
2281, 58549
What are the prime factors of 333037778?
2, 166518889
List the prime factors of 1323299172.
2, 3, 13, 101, 83987
What are the prime factors of 102885749?
1231, 83579
What are the prime factors of 440699728?
2, 7, 307, 1831
List the prime factors of 1747483098.
2, 3, 23, 71, 178351
List the prime factors of 1284397161.
3, 428132387
What are the prime factors of 2181736723?
2181736723
What are the prime factors of 5926968021?
3, 13, 163, 932353
What are the prime factors of 4885756094?
2, 23, 37, 2870597
List the prime factors of 389315373.
3, 491, 264301
What are the prime factors of 234462359?
43, 107, 131, 389
List the prime factors of 42846802.
2, 3413, 6277
List the prime factors of 492294720.
2, 3, 5, 29, 17683
What are the prime factors of 2018247428?
2, 739, 682763
List the prime factors of 2387703737.
17, 140453161
What are the prime factors of 5268470100?
2, 3, 5, 19, 48647
What are the prime factors of 54249149?
89, 609541
What are the prime factors of 31452533?
7, 17, 113, 2339
What are the prime factors of 387337594?
2, 7, 83, 333337
List the prime factors of 284485881.
3, 94828627
List the prime factors of 194191063.
11, 17653733
List the prime factors of 262440577.
7, 17, 53, 41611
What are the prime factors of 7047127840?
2, 5, 149, 295601
What are the prime factors of 147158460?
2, 3, 5, 17, 48091
List the prime factors of 101327485.
5, 7, 59, 49069
List the prime factors of 3365305030.
2, 5, 23, 37, 395453
What are the prime factors of 173422908?
2, 3, 89, 113, 479
List the prime factors of 809300373.
3, 7, 757, 50909
List the prime factors of 83070840.
2, 3, 5, 17, 43, 947
List the prime factors of 43134571.
29, 1487399
What are the prime factors of 29165340?
2, 3, 5, 313, 1553
What are the prime factors of 305369420?
2, 5, 29, 526499
List the prime factors of 32956536.
2, 3, 1373189
List the prime factors of 62951313.
3, 19, 1104409
What are the prime factors of 2597571646?
2, 41, 31677703
List the prime factors of 1358194215.
3, 5, 7, 12935183
List the prime factors of 470956244.
2, 11, 10703551
What are the prime factors of 361510040?
2, 5, 9037751
What are the prime factors of 22716677?
22716677
What are the prime factors of 41095622?
2, 563, 36497
List the prime factors of 604465194.
2, 3, 229, 307, 1433
List the prime factors of 645744558.
2, 3, 17, 109, 241
List the prime factors of 4819844899.
4819844899
List the prime factors of 275020459.
7, 19, 2067823
List the prime factors of 101246671.
41, 2469431
What are the prime factors of 3566058078?
2, 3, 11, 54031183
List the prime factors of 45457821.
3, 23, 71, 1031
What are the prime factors of 216405692?
2, 1319, 41017
What are the prime factors of 679643769?
3, 7, 4623427
What are the prime factors of 662476000?
2, 5, 29, 5711
List the prime factors of 44600088.
2, 3, 13, 142949
What are the prime factors of 1201424178?
2, 3, 200237363
What are the prime factors of 1414253425?
5, 13, 1451, 2999
List the prime factors of 440453315.
5, 167, 527489
List the prime factors of 946106833.
7, 1153, 117223
What are the prime factors of 54042670?
2, 5, 11, 491297
List the prime factors of 105015154.
2, 17, 53, 101, 577
What are the prime factors of 4518752?
2, 7, 20173
What are the prime factors of 285376611?
3, 13, 101, 5573
What are the prime factors of 104372364?
2, 3, 8697697
List the prime factors of 3474102292.
2, 503, 1726691
List the prime factors of 5043869888.
2, 78810467
List the prime factors of 3558695554.
2, 19, 1301, 71983
What are the prime factors of 307597682?
2, 7, 21971263
List the prime factors of 39460534.
2, 61, 181, 1787
What are the prime factors of 182831933?
182831933
List the prime factors of 843392694.
2, 3, 2137, 65777
List the prime factors of 887720018.
2, 59, 7523051
List the prime factors of 317541821.
317541821
What are the prime factors of 48638963?
3079, 15797
List the prime factors of 2275768.
2, 11, 2351
List the prime factors of 27128686.
2, 13, 53, 19687
List the prime factors of 121569416.
2, 137, 110921
List the prime factors of 90929607.
3, 761, 39829
List the prime factors of 1336072630.
2, 5, 29, 61, 75527
What are the prime factors of 416352378?
2, 3, 13, 71, 75181
What are the prime factors of 2811191672?
2, 17, 419, 49333
List the prime factors of 2152587063.
3, 11, 1861, 35051
List the prime factors of 154635422.
2, 77317711
What are the prime factors of 52817798?
2, 11, 23, 104383
List the prime factors of 167600254.
2, 19, 2